001
List the prime factors of 664269136.
2, 41516821
List the prime factors of 201182300.
2, 5, 11, 182893
List the prime factors of 28926415.
5, 7, 37, 3191
List the prime factors of 1196757118.
2, 41, 14594599
What are the prime factors of 36082178?
2, 11, 19, 37, 2333
List the prime factors of 85251324.
2, 3, 7104277
What are the prime factors of 3222795243?
3, 1074265081
List the prime factors of 81828007.
81828007
What are the prime factors of 44304784?
2, 2769049
What are the prime factors of 68418274?
2, 1559, 21943
List the prime factors of 324921939.
3, 2503, 43271
What are the prime factors of 117093973?
117093973
What are the prime factors of 36515492?
2, 13, 19, 2843
List the prime factors of 21273661.
4283, 4967
What are the prime factors of 726394183?
229, 3172027
What are the prime factors of 148082160?
2, 3, 5, 41, 101, 149
What are the prime factors of 57737449?
7, 11, 6197
List the prime factors of 91601636.
2, 7, 3271487
What are the prime factors of 185664222?
2, 3, 10314679
List the prime factors of 7555773770.
2, 5, 755577377
What are the prime factors of 1138329349?
19, 59912071
What are the prime factors of 77581877?
53, 139, 10531
What are the prime factors of 43131389?
7, 449, 13723
List the prime factors of 689524626.
2, 3, 7, 109, 150617
List the prime factors of 419836473.
3, 7, 127, 17491
What are the prime factors of 167220816?
2, 3, 7, 479, 1039
List the prime factors of 31553186.
2, 7, 19, 118621
What are the prime factors of 2710306188?
2, 3, 1051, 71633
List the prime factors of 5848095669.
3, 13, 157, 955103
What are the prime factors of 203378337?
3, 19, 396449
List the prime factors of 1060312206.
2, 3, 457, 386693
List the prime factors of 3024719527.
41, 103, 716249
What are the prime factors of 3146530091?
199, 601, 26309
What are the prime factors of 291089045?
5, 13, 17, 263429
What are the prime factors of 2266172448?
2, 3, 37, 61, 10459
What are the prime factors of 201906394?
2, 100953197
What are the prime factors of 1312912756?
2, 328228189
List the prime factors of 585434172.
2, 3, 48786181
What are the prime factors of 1499144634?
2, 3, 13, 6406601
List the prime factors of 450394279.
47, 2609, 3673
What are the prime factors of 257698434?
2, 3, 7, 6135677
What are the prime factors of 228140711?
1031, 221281
What are the prime factors of 87295271?
7, 12470753
What are the prime factors of 217176921?
3, 13, 17, 137, 797
What are the prime factors of 13744282?
2, 101, 68041
What are the prime factors of 3298540?
2, 5, 7, 23561
What are the prime factors of 118651803?
3, 1237, 31973
What are the prime factors of 2065317803?
19, 421, 258197
List the prime factors of 3726704517.
3, 19, 383, 170707
List the prime factors of 94504755.
3, 5, 43, 146519
List the prime factors of 1905695251.
1905695251
List the prime factors of 2839323.
3, 17, 55673
List the prime factors of 1907890920.
2, 3, 5, 13, 407669
What are the prime factors of 1880031715?
5, 3677, 102259
List the prime factors of 10779327.
3, 13, 19, 373
What are the prime factors of 103446974?
2, 51723487
List the prime factors of 394836.
2, 3, 13, 2531
What are the prime factors of 51061793?
51061793
List the prime factors of 157914411.
3, 17, 41, 75521
List the prime factors of 42186001.
11, 13, 295007
What are the prime factors of 480801261?
3, 3209, 49943
List the prime factors of 126150555.
3, 5, 59, 142543
List the prime factors of 2507331249.
3, 278592361
What are the prime factors of 1158752874?
2, 3, 83, 2326813
What are the prime factors of 1026057210?
2, 3, 5, 53, 61, 71, 149
What are the prime factors of 1285339?
11, 116849
List the prime factors of 76539666.
2, 3, 7, 260339
What are the prime factors of 89187333?
3, 29729111
What are the prime factors of 4713604173?
3, 523733797
List the prime factors of 42768402.
2, 3, 43, 47, 3527
What are the prime factors of 4347138752?
2, 11, 6174913
List the prime factors of 100841823.
3, 11204647
What are the prime factors of 453344159?
71, 6385129
What are the prime factors of 192791?
192791
List the prime factors of 33733988.
2, 8433497
List the prime factors of 400952567.
400952567
What are the prime factors of 3150067588?
2, 101, 107, 72871
What are the prime factors of 4026805?
5, 89, 9049
List the prime factors of 1239293271.
3, 413097757
What are the prime factors of 6319173?
3, 7, 61, 4933
What are the prime factors of 1942417041?
3, 131, 193, 25609
List the prime factors of 4951114.
2, 7, 17, 71, 293
What are the prime factors of 161368316?
2, 40342079
List the prime factors of 2627569096.
2, 17, 19320361
What are the prime factors of 39582902?
2, 17, 1164203
What are the prime factors of 181985129?
37, 4918517
What are the prime factors of 3269065297?
3269065297
List the prime factors of 579973073.
579973073
What are the prime factors of 231748980?
2, 3, 5, 67, 57649
List the prime factors of 449071840.
2, 5, 7, 19, 47, 449
What are the prime factors of 5645306?
2, 61, 46273
What are the prime factors of 118205301?
3, 17, 2317751
What are the prime factors of 50846349?
3, 16948783
What are the prime factors of 791715212?
2, 263, 752581
What are the prime factors of 1487358510?
2, 3, 5, 11, 4507147
What are the prime factors of 2029989878?
2, 7, 47, 1103, 2797
What are the prime factors of 1166863073?
13417, 86969
List the prime factors of 1033120395.
3, 5, 47, 488473
List the prime factors of 1716049301.
41, 113, 587, 631
List the prime factors of 828562541.
17, 48738973
What are the prime factors of 2380228281?
3, 2657, 33179
List the prime factors of 148417973.
11, 17, 46687
List the prime factors of 87209662.
2, 101, 431731
What are the prime factors of 39979758?
2, 3, 7, 13, 37, 1979
What are the prime factors of 7954268416?
2, 31071361
What are the prime factors of 34036807?
7, 29, 107, 1567
List the prime factors of 60866645.
5, 7, 47, 163, 227
List the prime factors of 3392750544.
2, 3, 223, 316961
What are the prime factors of 5786923013?
239, 24213067
List the prime factors of 1259299630.
2, 5, 103, 251, 4871
What are the prime factors of 716870325?
3, 5, 23, 415577
What are the prime factors of 167663942?
2, 19, 197, 22397
List the prime factors of 476195879.
19, 25062941
List the prime factors of 3651942020.
2, 5, 131, 1393871
What are the prime factors of 319390258?
2, 11, 14517739
What are the prime factors of 1127587154?
2, 3373, 167149
What are the prime factors of 147056365?
5, 23, 97, 13183
List the prime factors of 23791571.
29, 820399
What are the prime factors of 83913730?
2, 5, 97, 86509
List the prime factors of 199820659.
1361, 146819
List the prime factors of 11269809.
3, 1252201
List the prime factors of 127524816.
2, 3, 885589
What are the prime factors of 2496370792?
2, 71, 1303, 3373
What are the prime factors of 2067766?
2, 191, 5413
List the prime factors of 32678442.
2, 3, 19, 47, 107
What are the prime factors of 4574321233?
181, 25272493
What are the prime factors of 893932142?
2, 107, 241, 17333
List the prime factors of 322572618.
2, 3, 1991189
What are the prime factors of 737635387?
29, 41, 620383
What are the prime factors of 2470969109?
7, 2503, 20147
What are the prime factors of 56888069?
7, 17, 31, 2203
List the prime factors of 1432224520.
2, 5, 35805613
List the prime factors of 2973797743.
7, 17, 1571, 15907
What are the prime factors of 780806856?
2, 3, 37, 879287
What are the prime factors of 985929397?
61, 16162777
What are the prime factors of 64667008?
2, 7, 72173
What are the prime factors of 95504226?
2, 3, 15917371
List the prime factors of 48060530.
2, 5, 7, 17, 40387
List the prime factors of 3783560389.
7, 509, 1061903
List the prime factors of 7256348475.
3, 5, 96751313
What are the prime factors of 190525358?
2, 17, 37, 151451
List the prime factors of 453671711.
23, 19724857
What are the prime factors of 61133706?
2, 3, 41, 82837
List the prime factors of 305873686.
2, 152936843
What are the prime factors of 136971544?
2, 17121443
What are the prime factors of 31082826?
2, 3, 5180471
List the prime factors of 458121265.
5, 7, 29, 601, 751
List the prime factors of 132809784.
2, 3, 5533741
What are the prime factors of 374968?
2, 11, 4261
List the prime factors of 2438146065.
3, 5, 162543071
List the prime factors of 3